is the units digit of l?
4
What is the units digit of 4/(-30) - (-2348)/60?
9
Let i = 4 - 4. Suppose -8*m + 3*m + 90 = i. What is the tens digit of m?
1
Suppose 3*g = 5*g. Suppose k - 9 - 12 = g. What is the tens digit of k?
2
Let x = 48 - 39. What is the units digit of x?
9
Suppose 0 = -0*x + x - 5. Suppose -x*a - 10 = 0, -2*v - 3*v = -5*a - 35. What is the units digit of v?
5
Let n be -1 + (7 - 0) - 1. Suppose 0 = n*d - 2*s - 11, 0 = -2*d - 2*s - 3*s + 16. What is the units digit of d?
3
Suppose -9*f + 13*f = 584. What is the hundreds digit of f?
1
Suppose 158 + 394 = 4*v. What is the units digit of v?
8
Let d = 19 + -10. Let o(m) = m**2 - 9*m - 4 - 6 + 2*m. What is the units digit of o(d)?
8
Let r = 112 + -66. Suppose 4*h + r = 2*x, 5*h + 0*x - 4*x + 56 = 0. What is the units digit of 3/(-2)*40/h?
5
Let f = -106 + 340. What is the hundreds digit of f?
2
Let u = -122 - -180. What is the tens digit of u?
5
Suppose -74 - 34 = 3*d. What is the units digit of 1/2 - d/8?
5
Let a = -4 + 12. Let k = 16 + a. What is the units digit of k?
4
Let l(c) = -2 + 2 - 5 - c + 3. What is the units digit of l(-4)?
2
Let r(g) = -3*g + 2*g**2 - g**3 + 2*g**2 + 3*g**2 - 8 + 0. Let a(c) = c**2 - 4*c - 6. Let w be a(6). What is the units digit of r(w)?
0
Let c = -2 + 27. What is the tens digit of c?
2
Suppose 8*s - 3*s = 0. Suppose u - 3*v + s*v = 11, -3*u + 5*v = -25. Suppose 10*z - u*z = 90. What is the units digit of z?
8
Let s(j) = -3*j + 14. What is the tens digit of s(-16)?
6
What is the units digit of 8/(5/((-300)/(-8)))?
0
Let x = -10 + 14. Let z be -6 + (x - 2)*-1. Let l = z + 19. What is the tens digit of l?
1
Suppose 0 = -4*l, 2*l = -p + 46 + 3. What is the units digit of p?
9
Let g(v) be the third derivative of -v**6/120 + v**5/10 - v**4/4 + 7*v**3/6 + 3*v**2. Suppose 1 = 5*z - 24. What is the units digit of g(z)?
2
Let n be (16/48)/((-1)/(-12)). Suppose -3*h = -2 + 5. Let o = n + h. What is the units digit of o?
3
Let x(v) = -v**3 - 3*v**2 - 2*v - 4. Let o be x(-3). Suppose 2*l = -b + 6, -8 = 2*b + o*b. Suppose 40 = m + l*m. What is the units digit of m?
8
Suppose 5*r = 134 + 1. What is the units digit of r?
7
Suppose 3*s - 4 = -s. Let a = 4 - s. What is the units digit of a?
3
Let t be 15 + (-2 - (1 - 1)). Let m = t + 3. What is the tens digit of m?
1
Let f(u) = -u**2 - 3*u + 9. Let p be f(-5). Let i(y) = 5*y + 1 + 9*y**2 - 3*y - y. What is the units digit of i(p)?
9
Suppose -592 = -8*x + 6*x + 2*z, 0 = x + 3*z - 300. What is the hundreds digit of x?
2
Let p = -68 + 113. Let u = p + -31. What is the units digit of u?
4
Let k be ((-3)/(-6))/((-4)/(-16)). Let r = k + 4. What is the units digit of r/(-36) + 139/6?
3
Let m = 9 + -2. Suppose n - m = -4*h, -3*n = -2*h + 7*h - 21. Suppose -5*k + 5*x + 30 = 0, 5*k - 4*x - 26 - n = 0. What is the units digit of k?
9
Suppose 3*y = -4*q + 175 + 1, -5*y = 3*q - 121. What is the units digit of q?
7
Suppose y + 20 = 3*k, -2*y + k - 3 = 17. Let l(s) = -2*s + 2. What is the tens digit of l(y)?
1
Let s(w) = 8*w + 1. Let c be s(4). Suppose -3*a = 3*z + a + c, -2*a = 2*z + 22. Let h = 20 + z. What is the units digit of h?
9
Suppose 35*t - 37*t = -10. Let p be 1*3*4/(-6). Let u = p + t. What is the units digit of u?
3
Suppose 5*h - 348 = 2*h. What is the tens digit of h?
1
Suppose 3*c = -4*j + 27, 2*c + j = -j + 16. Suppose 9 + 20 = 4*p - 5*i, 5*p - c*i = 35. What is the units digit of p?
6
Suppose -18 = -2*s + 4*i, 3*s = -s + 2*i + 30. Suppose 0*h = 2*h - l - s, -3*h + 11 = -2*l. What is the units digit of h?
3
Suppose 4*r = 2*x + 2*r + 34, 5*x + 4*r = -40. Let y = x + 23. What is the units digit of y?
1
Suppose 0 = -z - 3*z + 180. Suppose z = 5*m - 2*m. What is the tens digit of m?
1
Suppose 3*v = -2*g + 51, v = -g - 1 + 25. What is the tens digit of g?
2
Suppose -4*b + q = -8 - 0, -4*q = 2*b - 22. Let s = b + 0. Suppose 4*v + s - 23 = 0. What is the units digit of v?
5
Let c(j) = 4*j - 3. Let t be (0 - (-3)/(-6))*-10. Let u = t - 3. What is the units digit of c(u)?
5
Let o = 248 - 161. Let a = o - 51. What is the units digit of a?
6
Let p be 3/(-2)*112/(-21). Suppose -112 = p*f - 12*f. What is the units digit of f?
8
Let o(t) = -1 - 3 - 2*t - t**3 + t - 4*t**2 + t**2. What is the units digit of o(-4)?
6
Let y be 2 + (-6 + 3 - -3). Suppose 108 = 2*q + 3*x, -33 - 7 = -q + y*x. What is the units digit of q?
8
Let i be 5 + (-2)/((-2)/(-3)). Suppose -4*k = 5*h - 334, 202 = 3*h + 4*k - i*k. Suppose -3*l + h = 2*l. What is the tens digit of l?
1
What is the tens digit of (-1)/(-2)*(281 + -3)?
3
Suppose -8*o + 7*o = -35. What is the units digit of o?
5
Let h(n) = n**3 - 3*n**2 - 3*n + 2. Let q be h(4). Suppose -2*z + 5*z = -3*s + q, 0 = -3*s + 4*z + 27. What is the units digit of s?
5
Let s(a) = -a - 4. Let j be s(-6). Suppose z + j = 2*z. Suppose -k = -5 + z. What is the units digit of k?
3
What is the units digit of (-7931)/(-35) - ((-18)/(-15))/(-3)?
7
Suppose 0 = d - 0*d + 3, -s - 5*d = -4. What is the units digit of s?
9
What is the units digit of 40 + -37 + 58 + (-1 - -1)?
1
Let i be (1 + 15/(-9))*3. Let u be (-1 - (-6)/(-3)) + i. Let x = 1 - u. What is the units digit of x?
6
Suppose 0*j - j + 1 = 0. Let n be 1 + (3 - j) - 8. Let o = 4 - n. What is the units digit of o?
9
Let t(z) = z**2 + 5*z. What is the tens digit of t(-7)?
1
Let a be (0 - 1) + (5 - 2). Suppose -2*h = -f - 34, 0*f = 3*h - a*f - 52. What is the units digit of h?
6
Suppose -2*n = -6, -81 = -3*o - 3*n - n. What is the tens digit of o?
2
Let n(x) = -x**2 - 13*x + 9. Suppose -32 = -b + 5*b. What is the units digit of n(b)?
9
Suppose 2*f - 15 - 13 = 0. What is the units digit of f?
4
What is the units digit of -1 + 3 + 0 + 3?
5
What is the units digit of 7/2 - 8/16?
3
Let g be 1 + 704/4 - -3. Suppose t + 2*h - 29 = 0, 5*t + h + 2*h - g = 0. What is the units digit of t?
9
Let c be (-1)/3 - (-32)/6. Let u = -3 - 1. What is the units digit of 2/u - c/(-2)?
2
Let g = 3 - 13. What is the units digit of (-64)/g + (-16)/40?
6
Suppose 5 + 15 = 4*l. Suppose 2*g + l - 21 = 0. What is the units digit of g?
8
Let m(s) = s**2 - 13*s - 6. What is the units digit of m(14)?
8
Suppose -5*z = -2 + 22. Let h = -3 - z. Let u(j) = 7*j**3 - j. What is the units digit of u(h)?
6
Let b be 224/(-21)*(-18)/4. Suppose -a + b = a. What is the tens digit of a?
2
Let q = -6 - -8. Suppose -4*z = -14 + q. Suppose 89 = z*m + 29. What is the units digit of m?
0
Suppose 3*d - 1 = 158. What is the units digit of d?
3
Let z(o) = o**3 - 7*o**2 + 14*o - 15. What is the units digit of z(6)?
3
Suppose 0*k + 5*k = 4*c + 767, 3*k = 5*c + 455. What is the hundreds digit of k?
1
Let k(m) = -m - 3. Let l be (1 - 8) + (1 - 0). What is the units digit of k(l)?
3
Let l(v) be the second derivative of v**4/12 + v**3 + 3*v. Let c be l(-6). Suppose c*b + 4*b = 4. What is the units digit of b?
1
Suppose 4*i = 3 + 5. What is the units digit of i?
2
Let p be (828/10)/(3/20). Let l be 4/10 + p/20. Suppose -3*m = m - l. What is the units digit of m?
7
Let p(x) = 9*x**2 - 2*x - 2. Let g be p(2). Let c = -17 + g. What is the tens digit of c?
1
Let m(g) be the first derivative of -g**4/4 - 5*g**3/3 - 3*g**2/2 - 4*g - 1. What is the units digit of m(-5)?
1
Let f = 4 - 12. Let j be 2/8 + 170/f. What is the units digit of (-153)/j - (-6)/(-21)?
7
Suppose -2*u = 2*u - 20. Suppose 0 = -4*f + 85 - u. What is the tens digit of f?
2
Let b be 4/(-3 + 2 + 3). Suppose 0 = 4*a + b*a - 60. What is the units digit of a?
0
What is the tens digit of 2 - (-88 + -1 + 2 + -1)?
9
Let h be (-65)/(-15) + 2/3. Suppose -h*y = -7*y + 14. What is the units digit of y?
7
Suppose 0 = -0*s + 3*s - 2*m - 23, -3*m - 7 = s. Let j = s + 1. What is the units digit of j?
6
Suppose h = -d + 45, 3*d + 4*h = 2*d + 57. What is the units digit of d?
1
Let x be 2/5 + (-296)/(-10). Suppose 0 = -2*v + 7*v - x. What is the units digit of v?
6
What is the tens digit of 0 - 8/4 - -81?
7
Let f = 17 + -13. Suppose 2*a = 20 - f. What is the units digit of a?
8
Suppose 6*u = 10*u - 48. What is the tens digit of u?
1
Suppose 0 = -5*v + 6 + 39. Suppose -5*x - 2 = 3*p, 4*x - 3*p - 29 = -v. Suppose -r = -4*g - 1, 0 = g - x. What is the units digit of r?
9
Let g = -53 + 79. What is the units digit of g?
6
Suppose 4 = -2*a + 12. Suppose -5*u + 4 = 2*k, -7*k = -3*k